{"id":6804,"date":"2017-04-18T13:39:23","date_gmt":"2017-04-18T13:39:23","guid":{"rendered":"https:\/\/www3.hhu.de\/duesseldorfer-archiv\/?page_id=6804"},"modified":"2023-01-11T07:24:37","modified_gmt":"2023-01-11T07:24:37","slug":"entscheidungen","status":"publish","type":"page","link":"https:\/\/d-prax.de\/?page_id=6804","title":{"rendered":"Entscheidungen"},"content":{"rendered":"<p>auf den Seiten der \u201eD\u00fcsseldorfer Entscheidungen\u201c, bereit gestellt vom Zentrum f\u00fcr Gewerblichen Rechtsschutz der Heinrich-Heine-Universit\u00e4t D\u00fcsseldorf. Sie finden hier die Rechtsprechung der Landgerichte und Oberlandesgerichte zu Patentverletzungsstreitigkeiten im Volltext.<\/p>\n<p>Eine vollst\u00e4ndige Nutzung des D\u00fcsseldorfer Archivs ist ohne Anmeldung m\u00f6glich!<\/p>\n<p>Weitere Informationen finden Sie auf der Seite <a href=\"https:\/\/d-prax.de\/?page_id=123\">Nutzungshinweise<\/a>.<\/p>\n<p><a href=\"https:\/\/d-prax.de\/?page_id=5804\">Suche<\/a><\/p>\n<p><a href=\"https:\/\/d-prax.de\/?page_id=141\">Gerichte<\/a><\/p>\n<p><a href=\"https:\/\/d-prax.de\/?page_id=36\">Zitierhinweise<\/a><\/p>\n<p><a href=\"https:\/\/d-prax.de\/?page_id=60\">Kontakt<\/a><\/p>\n","protected":false},"excerpt":{"rendered":"<p>auf den Seiten der \u201eD\u00fcsseldorfer Entscheidungen\u201c, bereit gestellt vom Zentrum f\u00fcr Gewerblichen Rechtsschutz der Heinrich-Heine-Universit\u00e4t D\u00fcsseldorf. Sie finden hier die Rechtsprechung der Landgerichte und Oberlandesgerichte zu Patentverletzungsstreitigkeiten im Volltext. Eine vollst\u00e4ndige Nutzung des D\u00fcsseldorfer Archivs ist ohne Anmeldung m\u00f6glich! Weitere Informationen finden Sie auf der Seite Nutzungshinweise. Suche Gerichte Zitierhinweise Kontakt<\/p>\n","protected":false},"author":25,"featured_media":0,"parent":0,"menu_order":0,"comment_status":"closed","ping_status":"closed","template":"","meta":{"_acf_changed":false,"footnotes":""},"class_list":["post-6804","page","type-page","status-publish","hentry"],"acf":[],"_links":{"self":[{"href":"https:\/\/d-prax.de\/index.php?rest_route=\/wp\/v2\/pages\/6804","targetHints":{"allow":["GET"]}}],"collection":[{"href":"https:\/\/d-prax.de\/index.php?rest_route=\/wp\/v2\/pages"}],"about":[{"href":"https:\/\/d-prax.de\/index.php?rest_route=\/wp\/v2\/types\/page"}],"author":[{"embeddable":true,"href":"https:\/\/d-prax.de\/index.php?rest_route=\/wp\/v2\/users\/25"}],"replies":[{"embeddable":true,"href":"https:\/\/d-prax.de\/index.php?rest_route=%2Fwp%2Fv2%2Fcomments&post=6804"}],"version-history":[{"count":8,"href":"https:\/\/d-prax.de\/index.php?rest_route=\/wp\/v2\/pages\/6804\/revisions"}],"predecessor-version":[{"id":9152,"href":"https:\/\/d-prax.de\/index.php?rest_route=\/wp\/v2\/pages\/6804\/revisions\/9152"}],"wp:attachment":[{"href":"https:\/\/d-prax.de\/index.php?rest_route=%2Fwp%2Fv2%2Fmedia&parent=6804"}],"curies":[{"name":"wp","href":"https:\/\/api.w.org\/{rel}","templated":true}]}}